 + 3*u + 91. Determine z(a).
3
Let j(q) = -5*q + 21. Let m(t) = 3*t - 11. Let h(z) = -4*j(z) - 7*m(z). Let x be h(-7). Let y(l) = 1 - 5*l**2 + 2*l**2 + 2*l**2. Give y(x).
1
Let p(i) = -2*i - 5*i**2 + 4*i**2 - 3 - 2*i + 8*i. Let c(r) = r**3 - 7*r**2 + 2. Let w be c(7). Suppose -w*l + 2 + 2 = 0. Give p(l).
1
Let y = 3 - 0. Let r = y + -8. Let v(u) = u + 13. Let b(z) = 2*z + 27. Let f(h) = 6*b(h) - 13*v(h). Give f(r).
-2
Suppose -2*u - 2 = -3*v, 4*v = -0*v + 4*u. Suppose -2*w - 5 = 3*c - 3, 8 = 5*w + c. Let p(y) = y + 3*y**v + w*y**2 - 2*y**2. Give p(1).
4
Let z = 2 + -1. Let h(a) = 0 + 5*a**2 - 1 - a + 2*a. Calculate h(z).
5
Suppose 3*u + 14 = -t - 0*t, -4*u = 5*t + 4. Let j(b) = b**3 + 5*b**2 - 9*b - 4. Calculate j(u).
14
Let w(a) = a**2 + 5*a + 4. Suppose -15 = -4*l - 27. Determine w(l).
-2
Let m(l) = -2*l + 2*l**3 - 3*l**2 + 4*l**2 - 1 - 1 + 0. Give m(-2).
-10
Let c(l) = 8*l - 4. Let q(y) = 7*y - 4. Let g(u) = -6*c(u) + 7*q(u). Suppose 0 = -3*r + 8 + 7. Determine g(r).
1
Let g(l) = l**2 - 9*l + 8. Let j = -6 + 13. Give g(j).
-6
Let r(v) = -v**3 - v**2 - v. Let f(s) = s + 2*s**3 + 3*s - 36*s**2 - 1 + 39*s**2. Let j(n) = f(n) + 3*r(n). What is j(-2)?
5
Let h(d) = 6*d + 2. Let m(l) = -l - 4. Let v be m(-8). Let x be -2*(-1 - (-2)/v). Let q(u) = -u + 1. Let s(i) = x*h(i) + 5*q(i). Determine s(-5).
2
Let g(s) = -s**3 - s**2 - s - 2. Let j = -38 - -23. Let y = j + 21. Suppose -y*q = -3*q. Give g(q).
-2
Let b(o) = -2*o**2 + 2*o + 1. Suppose 0 = -3*l + 3 + 6. Suppose 2*v = -3*v - l*u, 40 = -5*v + 5*u. Let r be 4 + v + 2 - 1. Determine b(r).
-3
Suppose 0 = -2*x - 0*c - c + 1, -4*x + 17 = -c. Suppose 3*f + 21 = 6*u - 3*u, 19 = -x*u - 5*f. Let t(s) = -2*s**2 + 2*s + 1. Determine t(u).
-3
Let x(l) = 3*l**3 + 2*l**2 - 3*l - 2. Suppose -i + 3 = -3*h, -h - 8 = 2*i - 0. What is x(h)?
-12
Suppose q = 1, -3*y + 3*q = 2*q + 10. Let r = y - -3. Let f(a) = 1 - 3*a**2 + r - 3*a**3 + 0 + 2*a**3. Determine f(-2).
-3
Let t be 1 + 3 + 0/(-2). Let b(p) = 2. Let n(h) = -h - 8. Let y(q) = 9*b(q) + 2*n(q). Let z(k) = -4*k + 4. Let x(v) = t*z(v) - 7*y(v). Calculate x(3).
-4
Let q(y) = y**2 + 7*y - 9. Let s be q(-8). Let t(u) = 3 - 3 - u + 1. What is t(s)?
2
Let j be (0 - -1)/(8/(-24)). Let u(b) = 2*b + 4. Determine u(j).
-2
Let z be (-5)/(10/6) + -2. Suppose 2*t = 5*t - 15. Let y = t + z. Let w(n) = n + 3. Calculate w(y).
3
Let p(d) = d**2 - d + 3. Let i(h) = 2*h**3 - 3*h**2 - 4*h + 1. Let c be i(2). Give p(c).
15
Let f(w) = 4*w - w + w**3 - 4*w**2 - 4*w + 2*w + 2. Calculate f(3).
-4
Let s(t) = t**3 + 4*t**2 + 4*t + 2. Let h(m) = -m + 14. Let z be h(12). Let c be z/4 + 14/(-4). Determine s(c).
-1
Let v(n) = -n**3 + n**2 - 2. Let q be v(0). Let p(g) = -2*g**2 - 4*g - 2. Give p(q).
-2
Suppose 0 = -13*d + 6*d + 21. Let i(j) = -4*j**2 + 0*j**3 - 5*j - 179 + j**d + 178. What is i(5)?
-1
Suppose 2*a = -3*a + 2*s - 58, -5*a - 5*s = 65. Let i be a/10*5*-1. Let o(x) = -x + 2. Give o(i).
-4
Suppose u + g + 4 = 2*g, 2*u = -3*g - 3. Let w be (-63)/(-35)*(-10)/u. Let n(p) = -p**2 + 7*p - 5. Determine n(w).
1
Suppose -2*j + 0 + 2 = 0. Let o(m) = 0 + m - j + 0 + 0*m. Determine o(-3).
-4
Let k = -389/6 - -65. Let p(c) be the second derivative of 0 - k*c**3 + c + 2*c**2. What is p(6)?
-2
Let a(r) = r**3 - 8*r**2 + 9*r - 9. Let y(q) = 4*q - 1. Let h be y(2). Calculate a(h).
5
Let m = 83 + -89. Let l(r) = -r**2 - 7*r - 5. What is l(m)?
1
Let h be (-2)/(2/3 + 0). Let w = -3 - h. Let x be (-1 + 4)*(w - -1). Let y(s) = -s**3 + 2*s**2 + 4*s - 3. What is y(x)?
0
Let c(a) = 3*a**2 - 9*a + 1. Let r(v) = -2*v**2 + 8*v. Let f(l) = 3*l**2. Let p be f(1). Let w(d) = p*c(d) + 4*r(d). What is w(-5)?
3
Let u(o) be the first derivative of -o**2 + 4*o + 15. What is u(3)?
-2
Let h(v) be the third derivative of v**5/60 + v**4/6 - v**3/2 + 3*v**2. Let q be (0 - (3 - 2)) + 3. What is h(q)?
9
Let h(b) be the first derivative of -b**3/3 + 2*b**2 + 14. What is h(3)?
3
Let n(j) be the first derivative of j**3/3 + 2*j**2 - 5*j + 4. Calculate n(-5).
0
Let n be (-16)/(-10)*10/4. Suppose u - n*u = 0. Let y(w) be the first derivative of w**3/3 - 2*w + 2. Calculate y(u).
-2
Let s be 16/6 - 1/(-3). Let q(g) = -g + 3. Let w(c) = 5*c - 16. Let v(a) = -11*q(a) - 2*w(a). Determine v(s).
2
Let k = -8 + 6. Let s = k + 8. Let y(u) = -u**3 + 2 - 4*u + s*u - 2*u + u**2 - u. Determine y(2).
-4
Let r(u) = u**3 - 3*u - 3. Let a(b) = -b**3 - 5*b**2 + 4*b - 3. Let t be a(-6). Let w = t + -6. Suppose -4*c + 5*l = c + 25, -2*c = -w*l + 13. Determine r(c).
-5
Let j(u) = 0*u - u**3 - 1 + 0*u**3 - 4*u + 5*u**2 + 3*u. Suppose 0 = -5*l + 6 - 41. Let y = l - -12. Calculate j(y).
-6
Let s(l) = 3*l**3 + l**2 - l - 1. Let j be 9/(3/(-1)) + 2. Give s(j).
-2
Suppose -3*t + 11 = y - 7*t, -4*y = -5*t - 22. Let d(i) = -4*i**2 - 1 + 5*i - i**y + 5 + 2*i. Determine d(-5).
-6
Suppose -d + 1 + 4 = 0, 0 = -3*l + 3*d - 12. Suppose -2*o - 1 + 5 = 0. Let m(x) = 0 + 4*x + 3 - o. Give m(l).
5
Let g = 4 + -1. Let t(y) = 2 + 12*y + 12*y - 21*y - y**g + 3*y**2. Give t(4).
-2
Let p(f) = f**2 + 1. Let c(r) = 4*r**2 - 4*r + 3. Let n(l) = -c(l) + 5*p(l). Let w(a) be the first derivative of n(a). What is w(-3)?
-2
Let z(i) = -i**2 + 6*i + 8. Suppose -y + 2*j = j - 10, 34 = 5*y - j. Determine z(y).
8
Let n(a) = -a - 3. Let z(l) = l**2 + l + 4. Let s be z(0). Let o = s - 4. Let m(f) = f**3 + f**2 + f - 4. Let i be m(o). Determine n(i).
1
Suppose -4*f + 30 = p - 31, f - 10 = 5*p. Suppose 0 = 2*y + y - f. Let k(d) = -5*d**2 - 5 + 5*d + d**3 - d**2 + 0*d**3. What is k(y)?
-5
Let g(s) = 0 - 2*s - 1 + 5 - 1. Let u(x) = x - 1. Let b(m) = 3*g(m) + 5*u(m). Let d be (-3)/(-9) + (-4)/12. What is b(d)?
4
Let m = -51 - -50. Let n(r) = 5*r. Calculate n(m).
-5
Let j be (((-48)/9)/4)/((-2)/(-15)). Let w(m) = m**2 + 9*m - 13. What is w(j)?
-3
Let r be (4/(-10))/((-3)/(-30)). Let q(b) be the third derivative of -b**4/24 - 7*b**3/6 + 14*b**2. What is q(r)?
-3
Suppose 22 = 2*t + 3*k, t + 6*k - 17 = 3*k. Let x = -7 - -17. Let r(z) = -3 + x - 2*z - 5*z**2 + z**3 + 0*z**3. Determine r(t).
-3
Suppose 5*a - 16 = 4. Suppose -6*s + 17 = -s - 3*p, -s = -a*p. Let t(l) = l + 2. What is t(s)?
6
Let t(z) = z**2 - z. Suppose -6*u - 5 = -11*u. Calculate t(u).
0
Let z(c) = -5*c - 7 - 9*c + 15*c + 19. Let k(a) = a - 9. Let b be k(4). Calculate z(b).
7
Let c(i) = -i**2. Let t(p) = -p**3 - 5*p**2 + 13. Let z(b) = -5*c(b) + t(b). Calculate z(0).
13
Let y(p) = p - 7. Let a be 50/16 + (-6)/48. Determine y(a).
-4
Let h(i) = 2 - 4 + 5 - 3*i. Give h(6).
-15
Let x be (-3)/9 - (-30)/9. Let q(a) = -6*a + 4. Calculate q(x).
-14
Let c(a) = 3*a**3 - 15*a**2 - 11*a - 17. Let u(n) = 2*n**3 - 10*n**2 - 7*n - 11. Let z(f) = -5*c(f) + 7*u(f). What is z(6)?
8
Let o(i) = -i**3 - i**2 + i. Let h be o(-1). Suppose -y + 5*p + 14 - 6 = 0, -p = 2*y - 5. Let f(t) = 0 - t**2 - t + 4*t**y + t**3 + 0. Calculate f(h).
-5
Let k(a) = -4*a**3 - 2*a**2 - a + 1. Let m(u) = u**3 + u**2 + u - 1. Let p(n) = -k(n) - m(n). Give p(1).
4
Let c = 6 - 11. Let a = 8 + c. Let f(x) = x**2 + 0 - 5*x**2 + 5*x - x**a + 4. What is f(-5)?
4
Let u be (-3 + 6 - -1)/(-1). Let w(v) = 2*v + 2. Calculate w(u).
-6
Let o(v) be the third derivative of v**9/30240 - v**8/20160 + v**7/5040 - v**5/20 + 5*v**2. Let q(c) be the third derivative of o(c). Determine q(1).
2
Let b = -8 + 10. Let k(c) = 0*c**2 + c**2 + 4*c - c**2 + c**b - 1. Calculate k(-4).
-1
Let p(c) be the third derivative of c**2 + 0 - 1/24*c**4 + 0*c + 0*c**3. Suppose 0 = 4*n + 2*d + 8, 0 = -n - 2*n - d - 4. Calculate p(n).
0
Let o(r) = r + 1. Let s(f) = f**2 + 4*f - 3. Let g be s(-5). Suppose -j + g*j = 0. Suppose -2*w + 2 + 4 = j. What is o(w)?
4
Let f(i) = -i**2 + 8*i + 2. Let u = -31 + 37. What is f(u)?
14
Suppose 0*x = -x + 2. Let m(g) = 0*g**3 + 2 - 2*g**3 + 4*g**3 - g**3 + 7*g + 8*g**x. Let n be m(-7). Let i(u) = -u**3 + u**2 - u - 2. Determine i(n).
-8
Let u(l) = 2*l + 4. Let c be u(-3). Let z be (-5)/(60/16)*24. Let q be z/(-10) - c/(-10). Let x(o) = o**2 - o - 3. Determine x(q).
3
Let m(p) = -2*p**2 - p - 1. Suppose 8 + 0 = -5*o + z, 3*o + z = -8. Let b be (0 + 0/1)/o. Let f be (-2 + 1)/(1 + b). Determine m(f).
-2
Let i(v) = v - 17. Let k be i(16). Let g(s) = 22*s - 1. Calculate g(k).
-23
Let b(k) = -k**2 - k + 1. Let g(c) = 2*c - 1. Let s be g(1). Let f(d) = -d**2 - d + 1. Let y(w) = s*b(